{"id":108,"date":"2023-02-17T13:06:54","date_gmt":"2023-02-17T13:06:54","guid":{"rendered":"https:\/\/oluto.web.ua.pt\/?page_id=108"},"modified":"2024-04-14T18:22:35","modified_gmt":"2024-04-14T18:22:35","slug":"oradores","status":"publish","type":"page","link":"https:\/\/ipluto.pt\/?page_id=108","title":{"rendered":"Oradores"},"content":{"rendered":"\n<div class=\"wp-block-cover alignfull\"><span aria-hidden=\"true\" class=\"wp-block-cover__background has-background-dim-100 has-background-dim\" style=\"background-color:#236b8e\"><\/span><div class=\"wp-block-cover__inner-container is-layout-flow wp-block-cover-is-layout-flow\">\n<div style=\"height:37px\" aria-hidden=\"true\" class=\"wp-block-spacer\"><\/div>\n\n\n\n<div class=\"wp-block-media-text alignwide is-stacked-on-mobile\"><figure class=\"wp-block-media-text__media\"><img loading=\"lazy\" decoding=\"async\" width=\"900\" height=\"900\" src=\"https:\/\/oluto.web.ua.pt\/wp-content\/uploads\/2023\/03\/Andy900x900.png\" alt=\"\" class=\"wp-image-826 size-full\" srcset=\"https:\/\/ipluto.pt\/wp-content\/uploads\/2023\/03\/Andy900x900.png 900w, https:\/\/ipluto.pt\/wp-content\/uploads\/2023\/03\/Andy900x900-300x300.png 300w, https:\/\/ipluto.pt\/wp-content\/uploads\/2023\/03\/Andy900x900-150x150.png 150w, https:\/\/ipluto.pt\/wp-content\/uploads\/2023\/03\/Andy900x900-768x768.png 768w\" sizes=\"auto, (max-width: 900px) 100vw, 900px\" \/><\/figure><div class=\"wp-block-media-text__content\">\n<p class=\"has-text-align-left has-medium-font-size\"><strong>Andy Langford <\/strong><\/p>\n\n\n\n<p style=\"font-size:17px\">Dr. Andy Langford \u00e9 o Diretor Cl\u00ednico da <strong><em>Cruse Bereveament<\/em> (Reino Unido).<\/strong><br>Andy, \u00e9 um conselheiro\/psicoterapeuta acreditado pela Associa\u00e7\u00e3o Brit\u00e2nica de Aconselhamento e Psicoterapia e Investigador P\u00f3s-Graduado na <em>Open University<\/em>. Trabalha, h\u00e1 mais de 25 anos, nas \u00e1reas de luto e sa\u00fade mental. Trabalhou tamb\u00e9m no contexto de interven\u00e7\u00e3o em crise, desempenhando pap\u00e9is estrat\u00e9gicos e operacionais na resposta ao inc\u00eandio da <em>Torre Grenfell, <\/em>ao bombardeamento da Arena de <em>Manchester<\/em> e ao ataque ao <em>Mercado Borough.<\/em><br>A <em>Cruse Bereavement<\/em> \u00e9 a maior institui\u00e7\u00e3o de solidariedade social do Reino Unido que se dedica ao apoio a pessoas em luto, a campanhas de sensibiliza\u00e7\u00e3o e \u00e0 forma\u00e7\u00e3o de profissionais especializados. A Rainha Isabel II foi a Mecenas desta institui\u00e7\u00e3o desde 1984, at\u00e9 \u00e0 data da sua morte, no ano passado.<\/p>\n<\/div><\/div>\n<\/div><\/div>\n\n\n\n<div class=\"wp-block-cover alignfull\"><span aria-hidden=\"true\" class=\"wp-block-cover__background has-nv-light-bg-background-color has-background-dim-100 has-background-dim\"><\/span><div class=\"wp-block-cover__inner-container is-layout-flow wp-block-cover-is-layout-flow\">\n<div style=\"height:37px\" aria-hidden=\"true\" class=\"wp-block-spacer\"><\/div>\n\n\n\n<div class=\"wp-block-media-text alignwide has-media-on-the-right is-stacked-on-mobile\"><div class=\"wp-block-media-text__content\">\n<p class=\"has-text-align-left has-neve-text-color-color has-text-color has-medium-font-size\"><strong>Bianca Lavorgna <\/strong><\/p>\n\n\n\n<p class=\"has-neve-text-color-color has-text-color\" style=\"font-size:17px\">Bianca Lavorgna \u00e9 Diretora Geral de Servi\u00e7os e Especialista em Interven\u00e7\u00e3o em Luto, na institui\u00e7\u00e3o <em><strong>Grief Australia<\/strong> <strong>(Melbourne &#8211; Australia). <\/strong><\/em><br>Bianca \u00e9 Conselheira de Luto, Educadora, Supervisora Cl\u00ednica e Formadora de Compet\u00eancias de Interven\u00e7\u00e3o Suicida Aplicada com experi\u00eancia no desenvolvimento, presta\u00e7\u00e3o e coordena\u00e7\u00e3o de servi\u00e7os e programas de apoio. Especializou-se no luto por perda de animais de companhia e no luto infantil e na adolesc\u00eancia. \u00c9 co-autora de <em>The Yellow Leaf,<\/em> um livro infantil que visa ajudar as fam\u00edlias a compreender que o luto n\u00e3o \u00e9 linear e que n\u00e3o existe uma forma perfeita de luto. Bianca \u00e9 defensora da import\u00e2ncia da interven\u00e7\u00e3o em luto, acredita em valores como o companheirismo, a sensibiliza\u00e7\u00e3o e a educa\u00e7\u00e3o, atrav\u00e9s dos quais preconiza uma comunidade onde o luto pode ser falado abertamente e o apoio pode ser dado entre amigos, fam\u00edlia, e sociedade em geral.<\/p>\n<\/div><figure class=\"wp-block-media-text__media\"><img loading=\"lazy\" decoding=\"async\" width=\"900\" height=\"900\" src=\"https:\/\/oluto.web.ua.pt\/wp-content\/uploads\/2023\/03\/Bianca900x900-Made-with-PosterMyWall.png\" alt=\"\" class=\"wp-image-829 size-full\" srcset=\"https:\/\/ipluto.pt\/wp-content\/uploads\/2023\/03\/Bianca900x900-Made-with-PosterMyWall.png 900w, https:\/\/ipluto.pt\/wp-content\/uploads\/2023\/03\/Bianca900x900-Made-with-PosterMyWall-300x300.png 300w, https:\/\/ipluto.pt\/wp-content\/uploads\/2023\/03\/Bianca900x900-Made-with-PosterMyWall-150x150.png 150w, https:\/\/ipluto.pt\/wp-content\/uploads\/2023\/03\/Bianca900x900-Made-with-PosterMyWall-768x768.png 768w\" sizes=\"auto, (max-width: 900px) 100vw, 900px\" \/><\/figure><\/div>\n<\/div><\/div>\n\n\n\n<div class=\"wp-block-cover alignfull\"><span aria-hidden=\"true\" class=\"wp-block-cover__background has-background-dim-100 has-background-dim\" style=\"background-color:#236b8e\"><\/span><div class=\"wp-block-cover__inner-container is-layout-flow wp-block-cover-is-layout-flow\">\n<div style=\"height:37px\" aria-hidden=\"true\" class=\"wp-block-spacer\"><\/div>\n\n\n\n<div class=\"wp-block-media-text alignwide is-stacked-on-mobile\"><figure class=\"wp-block-media-text__media\"><img loading=\"lazy\" decoding=\"async\" width=\"900\" height=\"900\" src=\"https:\/\/oluto.web.ua.pt\/wp-content\/uploads\/2023\/03\/RuiRamos900x900-Made-with-PosterMyWall.png\" alt=\"\" class=\"wp-image-832 size-full\" srcset=\"https:\/\/ipluto.pt\/wp-content\/uploads\/2023\/03\/RuiRamos900x900-Made-with-PosterMyWall.png 900w, https:\/\/ipluto.pt\/wp-content\/uploads\/2023\/03\/RuiRamos900x900-Made-with-PosterMyWall-300x300.png 300w, https:\/\/ipluto.pt\/wp-content\/uploads\/2023\/03\/RuiRamos900x900-Made-with-PosterMyWall-150x150.png 150w, https:\/\/ipluto.pt\/wp-content\/uploads\/2023\/03\/RuiRamos900x900-Made-with-PosterMyWall-768x768.png 768w\" sizes=\"auto, (max-width: 900px) 100vw, 900px\" \/><\/figure><div class=\"wp-block-media-text__content\">\n<p class=\"has-text-align-left has-medium-font-size\"><strong>Rui Ramos <\/strong><\/p>\n\n\n\n<p style=\"font-size:17px\">Dr. Rui Devesa Ramos \u00e9 psic\u00f3logo cl\u00ednico, respons\u00e1vel pela <strong>Unidade de Luto do Departamento de Sa\u00fade Mental do Hospital Pedro Hispano <\/strong>\u2013 ULS Matosinhos.<br>\u00c9 professor e formador na <strong>Faculdade de Psicologia e Ci\u00eancias da Educa\u00e7\u00e3o da Universidade do Porto,<\/strong> onde apoia a coordena\u00e7\u00e3o da P\u00f3s-Gradua\u00e7\u00e3o Interven\u00e7\u00e3o Psicol\u00f3gica em Luto Normal e Complicado.<br>\u00c9 Membro Certificado do Instituto IPIR de Barcelona, onde se especializou em Interven\u00e7\u00e3o e Preven\u00e7\u00e3o do Luto Complicado. <br>Fez v\u00e1rias a\u00e7\u00f5es de forma\u00e7\u00e3o em Luto com alguns dos autores mais conceituados na \u00e1rea (Katherine Shear; Margaret Stroebe; Simon Simshon Rubin; Robert Niemeyer).<br><\/p>\n<\/div><\/div>\n<\/div><\/div>\n\n\n\n<div class=\"wp-block-cover alignfull\"><span aria-hidden=\"true\" class=\"wp-block-cover__background has-nv-light-bg-background-color has-background-dim-100 has-background-dim\"><\/span><div class=\"wp-block-cover__inner-container is-layout-flow wp-block-cover-is-layout-flow\">\n<div style=\"height:37px\" aria-hidden=\"true\" class=\"wp-block-spacer\"><\/div>\n\n\n\n<div class=\"wp-block-media-text alignwide has-media-on-the-right is-stacked-on-mobile\"><div class=\"wp-block-media-text__content\">\n<p class=\"has-text-align-left has-neve-text-color-color has-text-color has-medium-font-size\"><strong>Ana Rocha <\/strong><\/p>\n\n\n\n<p class=\"has-neve-text-color-color has-text-color\" style=\"font-size:17px\">Ana Rocha \u00e9 Enfermeira h\u00e1 22 anos, 20 dos quais no <strong>Servi\u00e7o de Cuidados Paliativos do IPO de Coimbra.<\/strong><br>\u00c9, tamb\u00e9m, Formadora e Professora Assistente Convidada na <strong>Escola Superior de Sa\u00fade da Universidade de Aveiro<\/strong>, <strong>Escola Superior de Enfermagem de Coimbra<\/strong> e <strong>Faculdade de Medicina da Universidade de Coimbra.<\/strong><br>Ana tem feito um percurso profissional de excel\u00eancia, aliado \u00e0 investiga\u00e7\u00e3o e educa\u00e7\u00e3o em Cuidados Paliativos. \u00c9 P\u00f3s-graduada em Cuidados Paliativos, Mestre em Cuidados Continuados e Paliativos, Conselheira do Luto e Enfermeira Especialista em enfermagem M\u00e9dico Cir\u00fargica na op\u00e7\u00e3o de pessoa em condi\u00e7\u00e3o paliativa e cr\u00f3nica.<\/p>\n<\/div><figure class=\"wp-block-media-text__media\"><img loading=\"lazy\" decoding=\"async\" width=\"900\" height=\"900\" src=\"https:\/\/oluto.web.ua.pt\/wp-content\/uploads\/2023\/03\/AnaRocha900x900-Made-with-PosterMyWall.png\" alt=\"\" class=\"wp-image-823 size-full\" srcset=\"https:\/\/ipluto.pt\/wp-content\/uploads\/2023\/03\/AnaRocha900x900-Made-with-PosterMyWall.png 900w, https:\/\/ipluto.pt\/wp-content\/uploads\/2023\/03\/AnaRocha900x900-Made-with-PosterMyWall-300x300.png 300w, https:\/\/ipluto.pt\/wp-content\/uploads\/2023\/03\/AnaRocha900x900-Made-with-PosterMyWall-150x150.png 150w, https:\/\/ipluto.pt\/wp-content\/uploads\/2023\/03\/AnaRocha900x900-Made-with-PosterMyWall-768x768.png 768w\" sizes=\"auto, (max-width: 900px) 100vw, 900px\" \/><\/figure><\/div>\n<\/div><\/div>\n\n\n\n<div class=\"wp-block-cover alignfull\"><span aria-hidden=\"true\" class=\"wp-block-cover__background has-background-dim-100 has-background-dim\" style=\"background-color:#236b8e\"><\/span><div class=\"wp-block-cover__inner-container is-layout-flow wp-block-cover-is-layout-flow\">\n<div style=\"height:37px\" aria-hidden=\"true\" class=\"wp-block-spacer\"><\/div>\n\n\n\n<div class=\"wp-block-media-text alignwide is-stacked-on-mobile\"><figure class=\"wp-block-media-text__media\"><img loading=\"lazy\" decoding=\"async\" width=\"900\" height=\"900\" src=\"https:\/\/oluto.web.ua.pt\/wp-content\/uploads\/2023\/04\/AdrianaCapela900x900.png\" alt=\"\" class=\"wp-image-1135 size-full\" srcset=\"https:\/\/ipluto.pt\/wp-content\/uploads\/2023\/04\/AdrianaCapela900x900.png 900w, https:\/\/ipluto.pt\/wp-content\/uploads\/2023\/04\/AdrianaCapela900x900-300x300.png 300w, https:\/\/ipluto.pt\/wp-content\/uploads\/2023\/04\/AdrianaCapela900x900-150x150.png 150w, https:\/\/ipluto.pt\/wp-content\/uploads\/2023\/04\/AdrianaCapela900x900-768x768.png 768w\" sizes=\"auto, (max-width: 900px) 100vw, 900px\" \/><\/figure><div class=\"wp-block-media-text__content\">\n<p class=\"has-text-align-left has-medium-font-size\"><strong>Adriana Capela<\/strong><\/p>\n\n\n\n<p style=\"font-size:17px\">Adriana Capela \u00e9 Psic\u00f3loga e Dirigente do N\u00facleo de A\u00e7\u00e3o Social da C\u00e2mara Municipal de Vagos. Desenvolve a sua atua\u00e7\u00e3o nas \u00e1reas da interven\u00e7\u00e3o comunit\u00e1ria, da Psicologia Cl\u00ednica, e da Interven\u00e7\u00e3o Precoce para a Inf\u00e2ncia. Em estreita articula\u00e7\u00e3o com outros servi\u00e7os municipais, incluindo a Prote\u00e7\u00e3o Civil, foi operacionalizado, pelo Munic\u00edpio de Vagos, entre 2022 e 2023 o acolhimento de cerca de 100 refugiados provenientes da Ucr\u00e2nia.<br><\/p>\n<\/div><\/div>\n<\/div><\/div>\n\n\n\n<div class=\"wp-block-cover alignfull\"><span aria-hidden=\"true\" class=\"wp-block-cover__background has-nv-light-bg-background-color has-background-dim-100 has-background-dim\"><\/span><div class=\"wp-block-cover__inner-container is-layout-flow wp-block-cover-is-layout-flow\">\n<div style=\"height:37px\" aria-hidden=\"true\" class=\"wp-block-spacer\"><\/div>\n\n\n\n<div class=\"wp-block-media-text alignwide has-media-on-the-right is-stacked-on-mobile\"><div class=\"wp-block-media-text__content\">\n<p class=\"has-text-align-left has-neve-text-color-color has-text-color has-medium-font-size\"><strong>Alexandra Correia<\/strong><\/p>\n\n\n\n<p class=\"has-neve-text-color-color has-text-color\" style=\"font-size:16px\">\u00c9 Doutoranda em Psicologia, na Especialidade em Psicologia da Sa\u00fade, pela Faculdade de Psicologia da Universidade de Lisboa<br>\u00c9, tamb\u00e9m, docente no curso de Fisioterapia na Escola Superior de Sa\u00fade do Alcoit\u00e3o.<br>Fez o Curso P\u00f3s-graduado de Atualiza\u00e7\u00e3o \u201cO Luto\u201d, organizado pelo N\u00facleo de Cuidados Paliativos\/Centro de Bio\u00e9tica da FMUL e a P\u00f3s-gradua\u00e7\u00e3o em Cuidados Paliativos Pedi\u00e1tricos, pelo Instituto de Ci\u00eancias da Sa\u00fade da Universidade Cat\u00f3lica Portuguesa.<br>Licenciada em Psicologia Aplicada (pr\u00e9-Bolonha) e p\u00f3s-graduada em Psicologia da Sa\u00fade pelo Instituto Superior de Psicologia Aplicada (ISPA).<\/p>\n<\/div><figure class=\"wp-block-media-text__media\"><img loading=\"lazy\" decoding=\"async\" width=\"900\" height=\"900\" src=\"https:\/\/oluto.web.ua.pt\/wp-content\/uploads\/2023\/04\/AlexandraCorreia900x900.png\" alt=\"\" class=\"wp-image-1141 size-full\" srcset=\"https:\/\/ipluto.pt\/wp-content\/uploads\/2023\/04\/AlexandraCorreia900x900.png 900w, https:\/\/ipluto.pt\/wp-content\/uploads\/2023\/04\/AlexandraCorreia900x900-300x300.png 300w, https:\/\/ipluto.pt\/wp-content\/uploads\/2023\/04\/AlexandraCorreia900x900-150x150.png 150w, https:\/\/ipluto.pt\/wp-content\/uploads\/2023\/04\/AlexandraCorreia900x900-768x768.png 768w\" sizes=\"auto, (max-width: 900px) 100vw, 900px\" \/><\/figure><\/div>\n<\/div><\/div>\n\n\n\n<div class=\"wp-block-cover alignfull\"><span aria-hidden=\"true\" class=\"wp-block-cover__background has-background-dim-100 has-background-dim\" style=\"background-color:#236b8e\"><\/span><div class=\"wp-block-cover__inner-container is-layout-flow wp-block-cover-is-layout-flow\">\n<div style=\"height:37px\" aria-hidden=\"true\" class=\"wp-block-spacer\"><\/div>\n\n\n\n<div class=\"wp-block-media-text alignwide is-stacked-on-mobile\"><figure class=\"wp-block-media-text__media\"><img loading=\"lazy\" decoding=\"async\" width=\"909\" height=\"909\" src=\"https:\/\/oluto.web.ua.pt\/wp-content\/uploads\/2023\/04\/Ana-Braziao.jpg\" alt=\"\" class=\"wp-image-1144 size-full\" srcset=\"https:\/\/ipluto.pt\/wp-content\/uploads\/2023\/04\/Ana-Braziao.jpg 909w, https:\/\/ipluto.pt\/wp-content\/uploads\/2023\/04\/Ana-Braziao-300x300.jpg 300w, https:\/\/ipluto.pt\/wp-content\/uploads\/2023\/04\/Ana-Braziao-150x150.jpg 150w, https:\/\/ipluto.pt\/wp-content\/uploads\/2023\/04\/Ana-Braziao-768x768.jpg 768w\" sizes=\"auto, (max-width: 909px) 100vw, 909px\" \/><\/figure><div class=\"wp-block-media-text__content\">\n<p class=\"has-text-align-left has-medium-font-size\"><strong>Ana Brazi\u00e3o<\/strong><\/p>\n\n\n\n<p style=\"font-size:16px\">Ana Brazi\u00e3o \u00e9 licenciada em Arquitetura e mestre em Ensino das Artes Visuais. Viu a import\u00e2ncia das Artes aplicada \u00e0s situa\u00e7\u00f5es extremas, aos sonhos, \u00e0 esperan\u00e7a, \u00e0 alegria, \u00e0 fuga e ao prop\u00f3sito da vida. Fundou a Cooperativa Pedrinhas, sediada na Lous\u00e3, em 2018, ap\u00f3s ter perdido o seu filho Pedro, que n\u00e3o resistiu \u00e0 doen\u00e7a e acabou por perder a batalha contra a leucemia.<br>O Pedrinho, apesar da doen\u00e7a, construiu um imagin\u00e1rio fant\u00e1stico fruto de uma for\u00e7a de viver imensa e de uma imagina\u00e7\u00e3o hilariante. Com arte, reformulou o seu mundo tornando-o n\u00e3o apenas suport\u00e1vel, mas deliciosamente m\u00e1gico.<br>Desta energia, for\u00e7a e vontade de fazer a diferen\u00e7a, nasceu a ONGPD Pedrinhas que tem como principal miss\u00e3o o apoio a crian\u00e7as com doen\u00e7a oncol\u00f3gica ou igualmente grave, nas suas v\u00e1rias necessidades f\u00edsicas e emocionais.<\/p>\n\n\n\n<p style=\"font-size:15px\"><br><\/p>\n<\/div><\/div>\n<\/div><\/div>\n\n\n\n<div class=\"wp-block-cover alignfull\"><span aria-hidden=\"true\" class=\"wp-block-cover__background has-custom-1-background-color has-background-dim-100 has-background-dim\"><\/span><div class=\"wp-block-cover__inner-container is-layout-constrained wp-block-cover-is-layout-constrained\"><div class=\"wp-block-image\">\n<figure class=\"aligncenter size-large\"><img loading=\"lazy\" decoding=\"async\" width=\"1024\" height=\"246\" src=\"https:\/\/oluto.web.ua.pt\/wp-content\/uploads\/2024\/04\/Rodape-Normas-Publicitacao-1024x246.jpg\" alt=\"\" class=\"wp-image-3103\" srcset=\"https:\/\/ipluto.pt\/wp-content\/uploads\/2024\/04\/Rodape-Normas-Publicitacao-1024x246.jpg 1024w, https:\/\/ipluto.pt\/wp-content\/uploads\/2024\/04\/Rodape-Normas-Publicitacao-300x72.jpg 300w, https:\/\/ipluto.pt\/wp-content\/uploads\/2024\/04\/Rodape-Normas-Publicitacao-768x185.jpg 768w, https:\/\/ipluto.pt\/wp-content\/uploads\/2024\/04\/Rodape-Normas-Publicitacao.jpg 1280w\" sizes=\"auto, (max-width: 1024px) 100vw, 1024px\" \/><\/figure>\n<\/div>\n\n\n<div class=\"wp-block-columns alignwide is-layout-flex wp-container-core-columns-is-layout-9d6595d7 wp-block-columns-is-layout-flex\">\n<div class=\"wp-block-column is-layout-flow wp-block-column-is-layout-flow\">\n<p class=\"has-nv-site-bg-color has-text-color has-link-color wp-elements-e06817763da9599429b2e336e888f5c7\"><em>Financiado por Fundos Nacionais atrav\u00e9s da FCT \u2013 Funda\u00e7\u00e3o para a Ci\u00eancia e a Tecnologia, I.P., no \u00e2mbito dos projetos UIDB\/00194\/2020 (https:\/\/doi.org\/10.54499\/UIDB\/00194\/2020), referente ao CIDTFF, e 10.54499\/LA\/P\/0053\/2020, referente ao RISE-Health, CINTESIS@UA e do concurso de Bolsas de Doutoramento, refer\u00eancia 2021.06422.BD (https:\/\/doi.org\/10.54499\/UIDB\/00194\/2020).<\/em><\/p>\n<\/div>\n<\/div>\n<\/div><\/div>\n","protected":false},"excerpt":{"rendered":"","protected":false},"author":3,"featured_media":0,"parent":0,"menu_order":0,"comment_status":"closed","ping_status":"closed","template":"","meta":{"neve_meta_sidebar":"default","neve_meta_container":"","neve_meta_enable_content_width":"","neve_meta_content_width":70,"neve_meta_title_alignment":"left","neve_meta_author_avatar":"","neve_post_elements_order":"","neve_meta_disable_header":"","neve_meta_disable_footer":"","neve_meta_disable_title":"","footnotes":""},"class_list":["post-108","page","type-page","status-publish","hentry"],"_links":{"self":[{"href":"https:\/\/ipluto.pt\/index.php?rest_route=\/wp\/v2\/pages\/108","targetHints":{"allow":["GET"]}}],"collection":[{"href":"https:\/\/ipluto.pt\/index.php?rest_route=\/wp\/v2\/pages"}],"about":[{"href":"https:\/\/ipluto.pt\/index.php?rest_route=\/wp\/v2\/types\/page"}],"author":[{"embeddable":true,"href":"https:\/\/ipluto.pt\/index.php?rest_route=\/wp\/v2\/users\/3"}],"replies":[{"embeddable":true,"href":"https:\/\/ipluto.pt\/index.php?rest_route=%2Fwp%2Fv2%2Fcomments&post=108"}],"version-history":[{"count":13,"href":"https:\/\/ipluto.pt\/index.php?rest_route=\/wp\/v2\/pages\/108\/revisions"}],"predecessor-version":[{"id":3250,"href":"https:\/\/ipluto.pt\/index.php?rest_route=\/wp\/v2\/pages\/108\/revisions\/3250"}],"wp:attachment":[{"href":"https:\/\/ipluto.pt\/index.php?rest_route=%2Fwp%2Fv2%2Fmedia&parent=108"}],"curies":[{"name":"wp","href":"https:\/\/api.w.org\/{rel}","templated":true}]}}